{"id":5140,"date":"2026-03-02T08:45:12","date_gmt":"2026-03-02T07:45:12","guid":{"rendered":"https:\/\/www.radotronic.de\/?page_id=5140"},"modified":"2026-03-02T12:28:14","modified_gmt":"2026-03-02T11:28:14","slug":"absturzsicherung","status":"publish","type":"page","link":"https:\/\/www.radotronic.de\/index.php\/absturzsicherung\/","title":{"rendered":"Absturzsicherung"},"content":{"rendered":"<div class=\"wpb-content-wrapper\"><p>[vc_row][vc_column width=&#8220;2\/4&#8243;][vc_column_text]<\/p>\n<h2 class=\"fancy-title entry-title start-animation-done start-animation\">Absturzsicherung<\/h2>\n<p>[\/vc_column_text][vc_column_text css=&#8220;&#8220;]<\/p>\n<p style=\"font-weight: 400;\">Auf D\u00e4chern ist die Errichtung von R\u00fcckhaltesystemen und Absturzsicherungssystemen ein wichtiger Bestandteil der baulichen Ma\u00dfnahme. \u00a0Unser Portfolio dazu umfasst folgende Leistungen:<\/p>\n<ul style=\"font-weight: 400;\">\n<li>Planung und Montage von Absturzsicherungssystemen (Anschlagpunkte und Seilsysteme) nach DIN EN 795<\/li>\n<li>System ohne Dachdurchdringung direkt an der PV- Unterkonstruktion (bedarfsgerechte Planung mit der TGA Planung und nach DGUV)<\/li>\n<li>Wartung von Absturzsicherungssystemen (ABS, Preising)<\/li>\n<li>Wartung von PSAgA (pers\u00f6nlicher Schutzausr\u00fcstung gegen Absturz ) Sachkundiger nach DGUV 312-906<\/li>\n<\/ul>\n<p>[\/vc_column_text][vc_column_text css=&#8220;.vc_custom_1772450868130{margin-top: 50px !important;}&#8220;]<\/p>\n<h2 style=\"font-weight: 400;\">Lassen Sie sich beraten!<\/h2>\n<p style=\"font-weight: 400;\">Wir haben eine L\u00f6sung.<\/p>\n<p>[\/vc_column_text]<style type=\"text\/css\" data-type=\"the7_shortcodes-inline-css\">#default-btn-92274b8602d3d8fdc23a226acb7464ad.ico-right-side > i {\n  margin-right: 0px;\n  margin-left: 8px;\n}\n#default-btn-92274b8602d3d8fdc23a226acb7464ad > i {\n  margin-right: 8px;\n}<\/style><a href=\"https:\/\/www.radotronic.de\/index.php\/kontakt\/\" class=\"default-btn-shortcode dt-btn dt-btn-s link-hover-off btn-inline-left  vc_custom_1772450891051\" id=\"default-btn-92274b8602d3d8fdc23a226acb7464ad\" title=\"Kontakt\"><span>Kontakt<\/span><\/a>[\/vc_column][vc_column width=&#8220;1\/4&#8243;][vc_single_image image=&#8220;5159&#8243; img_size=&#8220;full&#8220;][\/vc_column][vc_column width=&#8220;1\/4&#8243;][vc_single_image image=&#8220;5161&#8243; img_size=&#8220;full&#8220; css=&#8220;&#8220;][\/vc_column][\/vc_row]<\/p>\n<\/div>","protected":false},"excerpt":{"rendered":"<p>[vc_row][vc_column width=&#8220;2\/4&#8243;][vc_column_text] Absturzsicherung [\/vc_column_text][vc_column_text css=&#8220;&#8220;] Auf D\u00e4chern ist die Errichtung von R\u00fcckhaltesystemen und Absturzsicherungssystemen ein wichtiger Bestandteil der baulichen Ma\u00dfnahme. \u00a0Unser Portfolio dazu umfasst folgende Leistungen: Planung und Montage von Absturzsicherungssystemen (Anschlagpunkte und Seilsysteme) nach DIN EN 795 System ohne Dachdurchdringung direkt an der PV- Unterkonstruktion (bedarfsgerechte Planung mit der TGA Planung und nach DGUV)&hellip;<\/p>\n","protected":false},"author":1,"featured_media":0,"parent":0,"menu_order":0,"comment_status":"closed","ping_status":"closed","template":"","meta":{"footnotes":""},"class_list":["post-5140","page","type-page","status-publish","hentry","description-off"],"yoast_head":"<!-- This site is optimized with the Yoast SEO plugin v27.0 - https:\/\/yoast.com\/product\/yoast-seo-wordpress\/ -->\n<title>Absturzsicherung - radotronic elektrotechnische systeme gmbh<\/title>\n<meta name=\"robots\" content=\"index, follow, max-snippet:-1, max-image-preview:large, max-video-preview:-1\" \/>\n<link rel=\"canonical\" href=\"https:\/\/www.radotronic.de\/index.php\/absturzsicherung\/\" \/>\n<meta property=\"og:locale\" content=\"de_DE\" \/>\n<meta property=\"og:type\" content=\"article\" \/>\n<meta property=\"og:title\" content=\"Absturzsicherung - radotronic elektrotechnische systeme gmbh\" \/>\n<meta property=\"og:description\" content=\"[vc_row][vc_column width=&#8220;2\/4&#8243;][vc_column_text] Absturzsicherung [\/vc_column_text][vc_column_text css=&#8220;&#8220;] Auf D\u00e4chern ist die Errichtung von R\u00fcckhaltesystemen und Absturzsicherungssystemen ein wichtiger Bestandteil der baulichen Ma\u00dfnahme. \u00a0Unser Portfolio dazu umfasst folgende Leistungen: Planung und Montage von Absturzsicherungssystemen (Anschlagpunkte und Seilsysteme) nach DIN EN 795 System ohne Dachdurchdringung direkt an der PV- Unterkonstruktion (bedarfsgerechte Planung mit der TGA Planung und nach DGUV)&hellip;\" \/>\n<meta property=\"og:url\" content=\"https:\/\/www.radotronic.de\/index.php\/absturzsicherung\/\" \/>\n<meta property=\"og:site_name\" content=\"radotronic elektrotechnische systeme gmbh\" \/>\n<meta property=\"article:modified_time\" content=\"2026-03-02T11:28:14+00:00\" \/>\n<meta name=\"twitter:card\" content=\"summary_large_image\" \/>\n<meta name=\"twitter:label1\" content=\"Gesch\u00e4tzte Lesezeit\" \/>\n\t<meta name=\"twitter:data1\" content=\"1\u00a0Minute\" \/>\n<script type=\"application\/ld+json\" class=\"yoast-schema-graph\">{\"@context\":\"https:\/\/schema.org\",\"@graph\":[{\"@type\":\"WebPage\",\"@id\":\"https:\/\/www.radotronic.de\/index.php\/absturzsicherung\/\",\"url\":\"https:\/\/www.radotronic.de\/index.php\/absturzsicherung\/\",\"name\":\"Absturzsicherung - radotronic elektrotechnische systeme gmbh\",\"isPartOf\":{\"@id\":\"https:\/\/www.radotronic.de\/#website\"},\"datePublished\":\"2026-03-02T07:45:12+00:00\",\"dateModified\":\"2026-03-02T11:28:14+00:00\",\"breadcrumb\":{\"@id\":\"https:\/\/www.radotronic.de\/index.php\/absturzsicherung\/#breadcrumb\"},\"inLanguage\":\"de\",\"potentialAction\":[{\"@type\":\"ReadAction\",\"target\":[\"https:\/\/www.radotronic.de\/index.php\/absturzsicherung\/\"]}]},{\"@type\":\"BreadcrumbList\",\"@id\":\"https:\/\/www.radotronic.de\/index.php\/absturzsicherung\/#breadcrumb\",\"itemListElement\":[{\"@type\":\"ListItem\",\"position\":1,\"name\":\"Startseite\",\"item\":\"https:\/\/www.radotronic.de\/\"},{\"@type\":\"ListItem\",\"position\":2,\"name\":\"Absturzsicherung\"}]},{\"@type\":\"WebSite\",\"@id\":\"https:\/\/www.radotronic.de\/#website\",\"url\":\"https:\/\/www.radotronic.de\/\",\"name\":\"radotronic elektrotechnische systeme gmbh\",\"description\":\"\",\"potentialAction\":[{\"@type\":\"SearchAction\",\"target\":{\"@type\":\"EntryPoint\",\"urlTemplate\":\"https:\/\/www.radotronic.de\/?s={search_term_string}\"},\"query-input\":{\"@type\":\"PropertyValueSpecification\",\"valueRequired\":true,\"valueName\":\"search_term_string\"}}],\"inLanguage\":\"de\"}]}<\/script>\n<!-- \/ Yoast SEO plugin. -->","yoast_head_json":{"title":"Absturzsicherung - radotronic elektrotechnische systeme gmbh","robots":{"index":"index","follow":"follow","max-snippet":"max-snippet:-1","max-image-preview":"max-image-preview:large","max-video-preview":"max-video-preview:-1"},"canonical":"https:\/\/www.radotronic.de\/index.php\/absturzsicherung\/","og_locale":"de_DE","og_type":"article","og_title":"Absturzsicherung - radotronic elektrotechnische systeme gmbh","og_description":"[vc_row][vc_column width=&#8220;2\/4&#8243;][vc_column_text] Absturzsicherung [\/vc_column_text][vc_column_text css=&#8220;&#8220;] Auf D\u00e4chern ist die Errichtung von R\u00fcckhaltesystemen und Absturzsicherungssystemen ein wichtiger Bestandteil der baulichen Ma\u00dfnahme. \u00a0Unser Portfolio dazu umfasst folgende Leistungen: Planung und Montage von Absturzsicherungssystemen (Anschlagpunkte und Seilsysteme) nach DIN EN 795 System ohne Dachdurchdringung direkt an der PV- Unterkonstruktion (bedarfsgerechte Planung mit der TGA Planung und nach DGUV)&hellip;","og_url":"https:\/\/www.radotronic.de\/index.php\/absturzsicherung\/","og_site_name":"radotronic elektrotechnische systeme gmbh","article_modified_time":"2026-03-02T11:28:14+00:00","twitter_card":"summary_large_image","twitter_misc":{"Gesch\u00e4tzte Lesezeit":"1\u00a0Minute"},"schema":{"@context":"https:\/\/schema.org","@graph":[{"@type":"WebPage","@id":"https:\/\/www.radotronic.de\/index.php\/absturzsicherung\/","url":"https:\/\/www.radotronic.de\/index.php\/absturzsicherung\/","name":"Absturzsicherung - radotronic elektrotechnische systeme gmbh","isPartOf":{"@id":"https:\/\/www.radotronic.de\/#website"},"datePublished":"2026-03-02T07:45:12+00:00","dateModified":"2026-03-02T11:28:14+00:00","breadcrumb":{"@id":"https:\/\/www.radotronic.de\/index.php\/absturzsicherung\/#breadcrumb"},"inLanguage":"de","potentialAction":[{"@type":"ReadAction","target":["https:\/\/www.radotronic.de\/index.php\/absturzsicherung\/"]}]},{"@type":"BreadcrumbList","@id":"https:\/\/www.radotronic.de\/index.php\/absturzsicherung\/#breadcrumb","itemListElement":[{"@type":"ListItem","position":1,"name":"Startseite","item":"https:\/\/www.radotronic.de\/"},{"@type":"ListItem","position":2,"name":"Absturzsicherung"}]},{"@type":"WebSite","@id":"https:\/\/www.radotronic.de\/#website","url":"https:\/\/www.radotronic.de\/","name":"radotronic elektrotechnische systeme gmbh","description":"","potentialAction":[{"@type":"SearchAction","target":{"@type":"EntryPoint","urlTemplate":"https:\/\/www.radotronic.de\/?s={search_term_string}"},"query-input":{"@type":"PropertyValueSpecification","valueRequired":true,"valueName":"search_term_string"}}],"inLanguage":"de"}]}},"_links":{"self":[{"href":"https:\/\/www.radotronic.de\/index.php\/wp-json\/wp\/v2\/pages\/5140","targetHints":{"allow":["GET"]}}],"collection":[{"href":"https:\/\/www.radotronic.de\/index.php\/wp-json\/wp\/v2\/pages"}],"about":[{"href":"https:\/\/www.radotronic.de\/index.php\/wp-json\/wp\/v2\/types\/page"}],"author":[{"embeddable":true,"href":"https:\/\/www.radotronic.de\/index.php\/wp-json\/wp\/v2\/users\/1"}],"replies":[{"embeddable":true,"href":"https:\/\/www.radotronic.de\/index.php\/wp-json\/wp\/v2\/comments?post=5140"}],"version-history":[{"count":7,"href":"https:\/\/www.radotronic.de\/index.php\/wp-json\/wp\/v2\/pages\/5140\/revisions"}],"predecessor-version":[{"id":5258,"href":"https:\/\/www.radotronic.de\/index.php\/wp-json\/wp\/v2\/pages\/5140\/revisions\/5258"}],"wp:attachment":[{"href":"https:\/\/www.radotronic.de\/index.php\/wp-json\/wp\/v2\/media?parent=5140"}],"curies":[{"name":"wp","href":"https:\/\/api.w.org\/{rel}","templated":true}]}}